
Does 11 divide 264?
True
Is 5 a factor of 6480?
True
Does 19 divide 114?
True
Does 23 divide 2071?
False
Is 36 a factor of 1512?
True
Is 33 a factor of 5808?
True
Is 4 a factor of 1944?
True
Is 2803 a multiple of 53?
False
Is 13 a factor of 1768?
True
Does 92 divide 276?
True
Does 4 divide 322?
False
Is 24221 a multiple of 9?
False
Is 572 a multiple of 18?
False
Does 4 divide 1760?
True
Does 29 divide 795?
False
Is 14662 a multiple of 12?
False
Is 94 a factor of 136?
False
Is 103888 a multiple of 344?
True
Is 1713 a multiple of 14?
False
Is 5292 a multiple of 33?
False
Is 1842 a multiple of 11?
False
Does 29 divide 87?
True
Is 18 a factor of 26298?
True
Is 10 a factor of 2282?
False
Does 25 divide 625?
True
Is 544 a multiple of 8?
True
Does 22 divide 3806?
True
Is 42042 a multiple of 154?
True
Is 5452 a multiple of 7?
False
Does 2 divide 157?
False
Is 50 a factor of 323?
False
Is 6345 a multiple of 15?
True
Is 1850 a multiple of 10?
True
Is 1179 a multiple of 20?
False
Is 22 a factor of 1002?
False
Does 3 divide 75?
True
Does 13 divide 1452?
False
Is 151 a factor of 15715?
False
Does 41 divide 22550?
True
Is 17 a factor of 310?
False
Does 21 divide 425?
False
Does 9 divide 252?
True
Does 18 divide 6804?
True
Does 31 divide 4557?
True
Does 39 divide 732?
False
Does 61 divide 2192?
False
Does 20 divide 1143?
False
Is 110 a multiple of 11?
True
Is 220 a factor of 52360?
True
Is 6 a factor of 2367?
False
Does 53 divide 23802?
False
Is 15 a factor of 1280?
False
Does 21 divide 2121?
True
Is 74240 a multiple of 64?
True
Is 11 a factor of 13311?
False
Does 7 divide 2579?
False
Is 728 a multiple of 51?
False
Does 24 divide 144?
True
Is 32 a factor of 335?
False
Is 10 a factor of 439?
False
Is 23 a factor of 187?
False
Is 1573 a multiple of 13?
True
Is 1494 a multiple of 15?
False
Is 4 a factor of 34?
False
Does 100 divide 200?
True
Does 9 divide 1096?
False
Is 6 a factor of 92?
False
Is 1980 a multiple of 110?
True
Does 23 divide 943?
True
Is 15 a factor of 2788?
False
Does 33 divide 181?
False
Is 304 a multiple of 16?
True
Does 187 divide 28259?
False
Is 11 a factor of 23798?
False
Is 17440 a multiple of 5?
True
Is 3087 a multiple of 9?
True
Is 9 a factor of 355?
False
Is 9008 a multiple of 33?
False
Is 34832 a multiple of 7?
True
Is 4785 a multiple of 76?
False
Is 21 a factor of 609?
True
Does 21 divide 525?
True
Is 22 a factor of 2464?
True
Does 88 divide 38433?
False
Is 11697 a multiple of 147?
False
Is 3612 a multiple of 137?
False
Does 64 divide 10552?
False
Is 450 a multiple of 15?
True
Is 7086 a multiple of 6?
True
Is 9653 a multiple of 18?
False
Is 900 a multiple of 6?
True
Is 4 a factor of 892?
True
Does 18 divide 378?
True
Is 33 a factor of 2715?
False
Is 4196 even?
True
Does 22 divide 958?
False
Does 37 divide 4847?
True
Is 7354 a multiple of 10?
False
Is 17 a factor of 25100?
False
Is 7 a factor of 3451?
True
Does 11 divide 3365?
False
Is 237 a multiple of 4?
False
Does 9 divide 7326?
True
Is 2097 a multiple of 24?
False
Is 2 a factor of 85?
False
Does 21 divide 5010?
False
Is 37 a factor of 10508?
True
Is 240 a multiple of 12?
True
Is 1120 a multiple of 14?
True
Does 95 divide 4033?
False
Does 29 divide 406?
True
Does 76 divide 25278?
False
Is 58 a factor of 667?
False
Is 15 a factor of 3510?
True
Is 16 a factor of 10967?
False
Is 1320 a multiple of 10?
True
Does 50 divide 300?
True
Is 27 a factor of 1202?
False
Does 71 divide 1704?
True
Is 11643 a multiple of 44?
False
Does 147 divide 37999?
False
Is 478 a multiple of 42?
False
Does 29 divide 874?
False
Does 21 divide 20924?
False
Is 7596 a multiple of 36?
True
Is 162492 a multiple of 44?
True
Is 20 a factor of 1127?
False
Is 4620 a multiple of 11?
True
Is 238 a factor of 16785?
False
Is 1313 a multiple of 59?
False
Does 7 divide 378?
True
Is 10 a factor of 2000?
True
Is 7 a factor of 616?
True
Is 22855 a multiple of 5?
True
Is 3220 a multiple of 10?
True
Is 177 a multiple of 8?
False
Is 3828 a multiple of 18?
False
Is 1856 a multiple of 58?
True
Does 30 divide 1050?
True
Does 82 divide 364?
False
Is 2 a factor of 683?
False
Is 1920 a multiple of 16?
True
Is 54 a factor of 13986?
True
Is 10864 a multiple of 56?
True
Does 8 divide 2008?
True
Is 28 a factor of 45276?
True
Does 108 divide 1422?
False
Is 872 a multiple of 4?
True
Is 15 a factor of 2188?
False
Is 12 a factor of 602?
False
Is 72 a multiple of 9?
True
Is 16 a factor of 2688?
True
Does 58 divide 348?
True
Is 69 a factor of 3105?
True
Does 33 divide 8165?
False
Does 46 divide 2438?
True
Is 440 a multiple of 5?
True
Is 27887 a multiple of 16?
False
Is 62 a factor of 747?
False
Does 27 divide 4845?
False
Is 108042 a multiple of 22?
True
Is 1093 a multiple of 71?
False
Is 29 a factor of 1658?
False
Is 14591 a multiple of 93?
False
Does 15 divide 1725?
True
Does 11 divide 16302?
True
Does 94 divide 873?
False
Is 3574 a multiple of 55?
False
Is 1972 a multiple of 35?
False
Does 51 divide 19278?
True
Is 1023 a multiple of 93?
True
Is 946 a multiple of 22?
True
Is 186 a factor of 50220?
True
Is 1947 a multiple of 33?
True
Does 9 divide 55350?
True
Is 114 a multiple of 19?
True
Is 1035 a multiple of 115?
True
Does 22 divide 20570?
True
Is 9 a factor of 441?
True
Does 144 divide 99936?
True
Is 5315 a multiple of 44?
False
Is 23 a factor of 5957?
True
Is 31 a factor of 1581?
True
Is 5333 a multiple of 28?
False
Is 3985 a multiple of 55?
False
Does 7 divide 699?
False
Does 117 divide 1638?
True
Is 28 a factor of 408?
False
Is 7768 a multiple of 7?
False
Is 6 a factor of 1320?
True
Is 10 a factor of 7294?
False
Is 14 a factor of 19320?
True
Is 1852 a multiple of 22?
False
Is 6 a factor of 366?
True
Is 148 a factor of 44992?
True
Is 290 a multiple of 29?
True
Is 39763 a multiple of 36?
False
Does 2 divide 142?
True
Is 17 a factor of 2074?
True
Is 37 a factor of 19680?
False
Does 10 divide 469?
False
Is 99 a factor of 990?
True
Is 91 a multiple of 4?
False
Is 13 a factor of 1018?
False
Is 46 a factor of 4486?
False
Is 14316 a multiple of 142?
False
Does 19 divide 14906?
False
Is 13165 a multiple of 12?
False
Is 19014 a multiple of 87?
False
Is 1103 a multiple of 86?
False
Is 87 a multiple of 65?
False
Is 8 a factor of 7808?
True
Does 14 divide 2436?
True
Does 36 divide 27432?
True
Is 28 a factor of 112280?
True
Is 16 a factor of 748?
False
Is 366 a multiple of 39?
False
Does 12 divide 36?
True
Does 16 divide 1056?
True
Is 158 a multiple of 15?
False
Is 1728 a multiple of 64?
True
Does 46 divide 16698?
True
Is 4059 a multiple of 99?
True
Is 132 a factor of 33660?
True
Is 1187 a multiple of 6?
False
Is 140 a factor of 7869?
False
Is 69 a factor of 1518?
True
Does 11 divide 8349?
True
Is 21845 a multiple of 85?
True
Is 174 a factor of 45159?
False
Is 67 a factor of 67?
True
Is 5 a factor of 2654?
False
Is 766 a multiple of 113?
False
Is 35 a factor of 490?
True
Is 4 a factor of 275?
False
Is 263 a multiple of 3?
False
Is 26 a factor of 26?
True
Is 7 a factor of 67800?
False
Does 285 divide 90630?
True
Is 9 a factor of 954?
True
Is 11 a factor of 517?
True
Is 4943 a multiple of 63?
False
Is 9 a factor of 556?
False
Is 129 a factor of 11997?
True
Is 10 a factor of 100350?
True
Is 63 a factor of 3853?
False
Is 37973 a multiple of 299?
True
Is 14092 a multiple of 94?
False
Does 85 divide 595?
True
Is 40 a factor of 7560?
True
Is 2 a factor of 681?
False
Does 4 divide 37347?
False
Is 59 a factor of 12391?
False
Is 258 a factor of 35001?
False
Does 35 divide 2742?
False
Is 40 a factor of 48?
False
Is 1216 a multiple of 111?
False
Does 21 divide 17136?
True
Is 15 a factor of 896?
False
Is 27 a factor of 432?
True
Does 102 divide 3060?
True
Does 62 divide 5642?
True
Is 3385 a multiple of 10?
False
Is 31 a factor of 17422?
True
Does 26 divide 468?
True
Is 9742 a multiple of 45?
False
Is 8 a factor of 5617?
False
Does 8 divide 116?
False
Is 106 a factor of 2650?
True
Does 5 divide 1785?
True
Is 126 a factor of 1327?
False
Does 55 divide 16619?
False
Is 26 a factor of 4862?
True
Is 1442 a multiple of 14?
True
Is 588 a multiple of 74?
False
Does 11 divide 3905?
True
Is 3 a factor of 1027?
False
Is 20 a factor of 10760?
True
Does 182 divide 36447?
False
Does 73 divide 657?
True
Is 50 a factor of 250?
True
Is 1456 a multiple of 13?
True
Is 1400 a multip